{"id":261,"date":"2026-04-27T20:37:47","date_gmt":"2026-04-27T18:37:47","guid":{"rendered":"https:\/\/lesgrandssinges.com\/?post_type=product&#038;p=261"},"modified":"2026-04-27T21:57:49","modified_gmt":"2026-04-27T19:57:49","slug":"valeria-varas-tenebres-eclats-des-sources","status":"publish","type":"product","link":"https:\/\/lesgrandssinges.com\/index.php\/product\/valeria-varas-tenebres-eclats-des-sources\/","title":{"rendered":"Val\u00e9ria Varas <br><strong>T\u00e9n\u00e8bres, \u00e9clats des sources<\/strong><br>R\u00e9\u00e9dition"},"content":{"rendered":"<p>Voix remarquable de la po\u00e9sie latino-am\u00e9ricaine contemporaine, <strong>Valeria Varas<\/strong> pr\u00e9sente ici son cheminement, \u00e0 travers une s\u00e9lection de ses po\u00e8mes, depuis son arrestation lors du coup d\u2019\u00c9tat de Pinochet, le 11 septembre 1973, jusqu\u2019\u00e0 sa reconstruction en tant que femme, dans son pays d\u2019exil et d\u2019accueil, le Costa Rica.<br \/>\nOn peut y voir comment elle a surv\u00e9cu aux sinistres ge\u00f4les de l\u2019acad\u00e9mie de Guerre de Valpara\u00edso pour gagner les splendeurs d\u2019un \u00e9rotisme lyrique en r\u00e9sonance avec les forces f\u00e9condes de la nature.<br \/>\nUne reconqu\u00eate de \u00ab la pl\u00e9nitude de l\u2019\u00eatre ; la plus belle et la plus forte des r\u00e9ponses \u00e0 la barbarie des tortionnaires et des assassins \u00bb pour reprendre la phrase de Gustavo Bocaz dans son avant-propos.<\/p>\n<h2>L&rsquo;autrice<\/h2>\n<p><strong>Valeria Varas<\/strong> a publi\u00e9 de nombreux ouvrages parmi lesquels on notera sept recueils de po\u00e8mes. Plusieurs de ses \u0153uvres sont pr\u00e9sentes dans des anthologies po\u00e9tiques parues au Costa Rica, au Mexique et en Espagne. En tant qu\u2019anthropologue, elle a \u00e9crit, avec Severiano Fern\u00e1ndez, <em>Tradiciones ind\u00edgenas cab\u00e9cares<\/em> paru en Colombie et <em>Historias Cab\u00e9cares<\/em> tomes I et II, publi\u00e9s au Costa Rica.<br \/>\n<strong>Valeria Varas<\/strong> est \u00e9galement dramaturge avec quatre pi\u00e8ces de th\u00e9\u00e2tre publi\u00e9es dont une mise en sc\u00e8ne au Costa Rica par Mar\u00eda Bonilla.<br \/>\nPlusieurs de ses \u0153uvres ont \u00e9t\u00e9 traduites en anglais, en fran\u00e7ais et en tch\u00e8que.<\/p>\n","protected":false},"excerpt":{"rendered":"<p>Recueil de po\u00e9sie<\/p>\n","protected":false},"featured_media":254,"template":"","meta":{"_monsterinsights_skip_tracking":false,"_monsterinsights_sitenote_active":false,"_monsterinsights_sitenote_note":"","_monsterinsights_sitenote_category":0},"product_brand":[],"product_cat":[33,23],"product_tag":[],"class_list":{"0":"post-261","1":"product","2":"type-product","3":"status-publish","4":"has-post-thumbnail","6":"product_cat-parus","7":"product_cat-poesie","9":"first","10":"instock","11":"shipping-taxable","12":"purchasable","13":"product-type-simple"},"aioseo_notices":[],"jetpack_sharing_enabled":true,"_links":{"self":[{"href":"https:\/\/lesgrandssinges.com\/index.php\/wp-json\/wp\/v2\/product\/261","targetHints":{"allow":["GET"]}}],"collection":[{"href":"https:\/\/lesgrandssinges.com\/index.php\/wp-json\/wp\/v2\/product"}],"about":[{"href":"https:\/\/lesgrandssinges.com\/index.php\/wp-json\/wp\/v2\/types\/product"}],"wp:featuredmedia":[{"embeddable":true,"href":"https:\/\/lesgrandssinges.com\/index.php\/wp-json\/wp\/v2\/media\/254"}],"wp:attachment":[{"href":"https:\/\/lesgrandssinges.com\/index.php\/wp-json\/wp\/v2\/media?parent=261"}],"wp:term":[{"taxonomy":"product_brand","embeddable":true,"href":"https:\/\/lesgrandssinges.com\/index.php\/wp-json\/wp\/v2\/product_brand?post=261"},{"taxonomy":"product_cat","embeddable":true,"href":"https:\/\/lesgrandssinges.com\/index.php\/wp-json\/wp\/v2\/product_cat?post=261"},{"taxonomy":"product_tag","embeddable":true,"href":"https:\/\/lesgrandssinges.com\/index.php\/wp-json\/wp\/v2\/product_tag?post=261"}],"curies":[{"name":"wp","href":"https:\/\/api.w.org\/{rel}","templated":true}]}}